r of a and 8?
8
Let g = -3 + 7. Suppose 4*x = -g*p + 8, -2*p + 5 = -3*p. Calculate the greatest common divisor of x and 56.
7
Let t(s) = 22*s**2 - 6*s**2 + 63*s - 62*s. Let b be t(-1). Calculate the greatest common divisor of b and 10.
5
Suppose -4*v + 5 = -27. Let z(u) = -u - 3. Let h be z(-6). Suppose 0 = p - h*m - 65, m - 2*m - 59 = -p. Calculate the greatest common factor of p and v.
8
Let s(z) = -4 + 2 + 3 + 4*z. Let l be s(-1). Let p be (4 - 1 - -16) + l. Calculate the highest common divisor of 4 and p.
4
Let a(x) = -2*x**2 + 3*x - 1. Let t be a(2). Suppose 0*u = 5*u - 20. Let o = t + u. What is the highest common factor of o and 1?
1
Suppose 5*l = 0, -65 = -5*t - 2*l + 3*l. Let h = 80 + -28. What is the greatest common divisor of t and h?
13
Let d = -92 + 140. What is the greatest common factor of d and 12?
12
Suppose -12 + 2 = -5*f. Suppose -w + 2 = -3. Suppose q = -f*g + 1 + 17, -5*q - w*g + 100 = 0. What is the greatest common factor of 11 and q?
11
Let j = -3 + 8. Suppose -j*s = -3*s + 5*m - 7, 3 = s + 3*m. What is the highest common factor of 60 and s?
6
Let s = 59 + 46. Calculate the greatest common factor of s and 15.
15
Suppose -2*b = 5*m - 146, -4 + 2 = m. Calculate the greatest common factor of 52 and b.
26
Suppose 0 = 3*d + 5*h - 644, -5*h + h = -5*d + 1024. Calculate the highest common divisor of d and 26.
26
Suppose -x + 0*y + 10 = y, 4*x = 3*y + 19. Let j = -3 + x. Suppose -b - 4*b = i - 276, 220 = j*b + i. Calculate the highest common divisor of b and 14.
14
Suppose 2*l + l = 15. Let a be l/1*66/10. Calculate the highest common divisor of a and 11.
11
Let b(c) = -c**3 + 8*c**2 + c - 9. Let s be b(7). Suppose 5 = -3*k + s. Calculate the highest common divisor of 126 and k.
14
Let y = 20 - -4. Calculate the greatest common factor of 120 and y.
24
Let v = 34 - -10. Calculate the highest common divisor of v and 22.
22
Let y be (-172)/(-22) - 2/(-11). Let g = 3 - -11. Let b be 284/g - 18/63. What is the highest common divisor of y and b?
4
Let t(d) = -38*d + 12. Let a be t(-3). Calculate the highest common factor of a and 18.
18
Let r be 109/2 - 7/14. Let o(i) = 5*i**2 - 2*i + 2. Let m be o(2). Calculate the greatest common divisor of m and r.
18
Let z = 7 - 0. Calculate the greatest common divisor of z and 63.
7
Suppose 2 = 5*d + 7. Let m be d/(2*(-1)/60). What is the greatest common factor of m and 45?
15
Let l = -82 + 122. What is the greatest common factor of 20 and l?
20
Suppose 378 + 238 = 2*x. Calculate the highest common factor of 28 and x.
28
Let u be 416/(-6)*6/(-4). Suppose 0 = -3*l - 3*p + 27, l - 3 = 2*l + 4*p. Calculate the highest common factor of l and u.
13
Let l be (-6)/21 - (-702)/7. What is the highest common divisor of l and 20?
20
Let y be (-3)/7 + -2 + (-1962)/(-21). What is the highest common factor of 52 and y?
13
Suppose 12 = 5*y - y. Suppose y*p - 2*p - 36 = 0. Calculate the highest common divisor of p and 90.
18
Suppose 9*u = 4*u + 165. Let s(v) = 4*v**2 - 3*v + 2. Let j be s(1). What is the highest common factor of u and j?
3
Suppose 2*d + m + 11 = 3*d, 2*d = m + 25. Calculate the highest common factor of 14 and d.
14
Let v be 5*((-258)/(-18) - (-6)/9). What is the greatest common factor of v and 25?
25
Let j be (-3*1)/(9/6). Let z be (-48)/(-1*(-1)/j). Let n(i) = 2*i**2 + 10*i + 20. Let y be n(-4). What is the greatest common factor of y and z?
12
Let x(c) = 15*c**3 + c**2 - 3*c + 2. Let g(b) = -b**3 + 9*b**2 + 1. Let s be g(9). Let n be x(s). What is the greatest common factor of 10 and n?
5
Let k(o) = -o**3 - 7*o**2 - 7*o - 2. Let i be k(-6). Suppose 0 = i*f - 7 - 113. What is the highest common divisor of f and 270?
30
Suppose -4*i - 225 + 13 = 0. Let s = i + 77. What is the greatest common factor of 16 and s?
8
Let s be (-2)/4 - (-182)/4. Let q = -43 + 52. Calculate the greatest common divisor of q and s.
9
Suppose 2*s + 6 = -14. Let c = s - -18. Suppose -4*q + 3*o + 87 = 0, -3 = o - 6. What is the highest common divisor of c and q?
8
Suppose 6*g - 7 = 113. Calculate the greatest common factor of 4 and g.
4
Suppose -12 = -9*s + 123. Calculate the greatest common divisor of s and 10.
5
Let r(q) = -7*q + 39. Let y be r(5). What is the greatest common divisor of 22 and y?
2
Let c(d) = -2 - 2*d**3 + 4*d - d + 0*d + 4. Let y be c(-2). Calculate the highest common divisor of y and 4.
4
Let n = 13 + -3. Let p = 12 - n. Calculate the greatest common factor of p and 5.
1
Let k(i) = -i**3 - i + 24. Let z be k(0). Suppose -2*a + 4*a = z. What is the highest common factor of a and 4?
4
Suppose 5*r = 118 + 102. Suppose -15 = 5*q, 6 = 2*z + 5*q + 13. What is the greatest common factor of z and r?
4
Let h be (-2)/10 - (-273)/15. Let o be ((-4)/4)/((-2)/h). What is the highest common divisor of 45 and o?
9
Let y = 5 - 4. Let s be y + 100 + 5 + -6. What is the highest common divisor of 40 and s?
20
Let z = -6 + 0. Let k be (2 - (-9)/z)*808. Suppose -5*h + k = -136. What is the greatest common factor of 12 and h?
12
Suppose i + 12 - 15 = 0. What is the greatest common divisor of 27 and i?
3
Suppose 0 = 3*r - 7 + 1. Let a be 3/r - 138/(-12). Suppose 0 = k - 5*k + 156. Calculate the greatest common divisor of k and a.
13
Let m = 11 - 8. Suppose y + m*t = -4 - 6, 4*y = -2*t. Let z(c) = 2*c - 7. Let k be z(5). What is the highest common divisor of y and k?
1
Let z(b) = b**2 - 5*b + 3. Let d be z(5). Suppose n - 2*n + d*l + 9 = 0, 5*l + 15 = -5*n. Suppose 5*a - 5 = -n. What is the highest common divisor of 8 and a?
1
Let u = -42 + 59. What is the greatest common divisor of u and 85?
17
Suppose 91 = 3*t - 53. Suppose -j + t = -w - 68, -378 = -3*j - 3*w. Let u = 11 - 0. Calculate the greatest common factor of j and u.
11
Suppose y + 2 = 1. Let s(w) be the second derivative of -7*w**5/5 + w. Let a be s(y). What is the greatest common divisor of a and 7?
7
Let x be 5/10 + (-39)/(-2). Let o = -76 + 106. What is the highest common divisor of x and o?
10
Let o(w) = w**2 - 2*w + 2. Suppose -5*x + 3*x = -d + 2, -2 = -2*x. Let j be o(d). Suppose -5*a + j*a = 210. What is the greatest common divisor of 6 and a?
6
Suppose -5*a + 38 = 3*z - 2*z, -5*z + 124 = 3*a. Let f(t) = t**3 - t**2 - t + 44. Let x be f(0). Let p = x - 21. Calculate the highest common factor of p and z.
23
Let u = -161 - -233. What is the highest common divisor of 24 and u?
24
Let b = 6 - 6. Suppose 2*k - 4*k + 4*z + 10 = 0, -4*z - 7 = k. Suppose b = d - k - 0. Calculate the highest common divisor of 11 and d.
1
Let w be (-16)/6*((-468)/8)/3. What is the greatest common factor of w and 4?
4
Suppose u + 2*l = -3*l + 24, 0 = u - 2*l + 4. Let f(c) = 4*c + u*c + c**2 - 3*c. Let t be f(-6). Calculate the highest common divisor of t and 2.
2
Suppose -2*z - 2 = -t, 4*z - 8 = -z - 4*t. Suppose 5*g + 0*g - 5 = z. Let b be g/(-3) - 19/(-3). Calculate the highest common divisor of b and 54.
6
Let d be ((-3)/2)/((-6)/8). Let k(b) = 8*b + 1. Let n be k(d). Calculate the greatest common factor of 153 and n.
17
Let t = 2 - 1. Let o be 3/((-13)/16 + t). Suppose 4*v = 4 + o. Calculate the greatest common divisor of 5 and v.
5
Let t = 4 + -5. Let z be (6/(-4))/t*6. Calculate the highest common divisor of 81 and z.
9
Let q(d) be the third derivative of -d**6/120 - 7*d**5/60 + d**4/12 - 4*d**3/3 - 4*d**2. Let u be q(-8). Calculate the greatest common factor of 20 and u.
20
Suppose 2*u - 24 = -5*i, 2*u + 2*i - 14 = u. Calculate the greatest common factor of u and 110.
22
Let g = 6 - 3. Let h be 2/(14/(-6) - -3). Calculate the highest common factor of h and g.
3
Let s = 12 + -28. Let g = -22 - s. Let x = 2 - g. What is the highest common divisor of 24 and x?
8
Let z be (2 + -7 - 0)*-2. Let f be (-2)/(-5) + 1746/z. Suppose -3*n = 55 - f. Calculate the highest common factor of 10 and n.
10
Let c = -4 + 6. Let p = 10 - c. Suppose -3*o + 20 + 28 = 0. What is the greatest common divisor of p and o?
8
Let d(m) = -m**3 + 12*m**2 - 11*m + 5. Let c be d(11). Calculate the greatest common divisor of c and 35.
5
Let h be -13*(-3)/(6/4). What is the highest common factor of 65 and h?
13
Let n(v) = -v**2 + 16*v + 35. Let i be n(16). What is the greatest common factor of i and 14?
7
Let k(s) = -5*s + 1 + 4*s + 0*s. Let y be k(7). Let c be 1 + -2 - 1*y. What is the greatest common factor of